- 24)/(1*1/3)?
2
Suppose -8*l = -2600 + 816. Let s = -56 + l. What is the hundreds digit of s?
1
What is the tens digit of (-7)/7 + (-51696)/(-8) + -3?
5
Suppose 1495*k - 1493*k - 1540 = 0. What is the units digit of k - (13/(13/10) - 6)?
6
Let v = -14 + 17. Suppose v = -3*p + 15. Suppose -356 = -p*x - 0*c - 4*c, -2*x + 184 = 5*c. What is the units digit of x?
7
Let q(b) = -3*b**2 - 22*b - 3. Let k be q(-7). What is the units digit of ((-8228)/102)/(k/(-6))?
1
Suppose 3*c - 102 = -354. Let s be (c/5)/((-7)/35). What is the tens digit of 1/(-1) - (1/1 - s)?
8
Let h(t) = 12*t**2 + 101*t - 2107. What is the tens digit of h(24)?
2
Suppose -35*s - 2471 + 33229 - 2723 = 0. What is the units digit of s?
1
Let x be ((-18)/(-54))/(5/6540). Let d = x - -319. What is the tens digit of d?
5
Let z(i) = 15*i - 31. Let h(s) = 7*s - 1. Let m be h(2). Let g be z(m). What is the units digit of g + 0 - (0 + -3)/1?
7
Let c = -93 - -93. Suppose 5*h + c*h = -335. Let i = h - -83. What is the tens digit of i?
1
Suppose -q = -4*o - 2210, -q = -2 + 4. Let p = o - -996. What is the tens digit of p?
4
Let p be -16 - (2 + 1) - -3. Let h be 8766/p - 17/136. What is the units digit of h/(-6) + (-6)/(-9)?
2
Suppose -u = -2*c - 4, 3*u + 8*c - 4*c - 32 = 0. Let i be u/(-14) - 16/(-28). Suppose i = -6*y + 3*y + 345. What is the tens digit of y?
1
Let p(s) = -28*s + 41. Let b be p(-11). Let x = 913 - b. Suppose x = 5*n - 661. What is the tens digit of n?
4
Suppose -120 = -4*p - 4*g, 2*p + 178 = 3*g + 263. What is the tens digit of p?
3
Suppose -2*s + 3*f + 11922 = -14709, 3*s - 39939 = -3*f. What is the ten thousands digit of s?
1
Let u(z) = -z + 316. Let l be u(0). Let v(o) = 303*o + 2 - 16 - l*o. What is the tens digit of v(-6)?
6
Suppose 4*d = 8*d + v - 3, -13 = d + 3*v. Suppose 0 = -3*z + y + 336, 3*y = d*z - 4*z + 235. Suppose 1013 = 15*g + z. What is the tens digit of g?
6
Suppose -5*p + 4*a = 268, a - 5 = -3. Let j = 381 + p. What is the hundreds digit of j?
3
Suppose -l = -25 + 23. Suppose 0 = -5*u - 2*s + 876, -4*u - 4*s = -l*u - 360. Let q = 323 - u. What is the hundreds digit of q?
1
Suppose -4 = -v - 1, -3*b = 3*v - 27. Suppose b*c = 18*c - 2268. Suppose d = -4*z + 855, 4*d - c = -z + 36. What is the units digit of z?
3
Let m(p) = -p**3 - 13*p**2 + 43*p + 37. Let k be m(-17). Let b = 784 - k. What is the units digit of b?
2
Let t = 17 + -15. Suppose b + 3*s + 12 = -2*b, 0 = 4*b + t*s + 10. What is the units digit of 0 + (33/1)/(b/(-6))?
8
Let p be 8/40 + (-3072)/(-15). Let u(v) = 20*v**3 + 4*v**2 + 4*v + 4. Let l be u(-2). Let o = l + p. What is the units digit of o?
7
What is the units digit of (175669/(-26))/((-20)/(-30)*(-3)/4)?
3
Let o = 9 - 1. Let t(j) = j**3 - 8*j**2 - 2. Let b be t(o). What is the tens digit of (-5)/(-15)*(28 - b)?
1
Suppose 54*r - 2495942 = 728595 - 880019. What is the thousands digit of r?
3
Suppose d = -0*j - 3*j - 85, 0 = -4*j. Let f(u) = -64*u**2 - 108*u - 15. Let b be f(-3). Let l = d - b. What is the units digit of l?
2
Let l be 12/10 + 264/(-20). What is the hundreds digit of ((-1110)/18)/(4/l)?
1
Let t = 14796 - 7508. What is the units digit of t?
8
Let a = 6 + -3. Let t = -136 + 139. Suppose 3*j - 2*j - 43 = -t*f, -f + 1 = -a*j. What is the units digit of f?
3
Let l = -177 - -44. Let v = 464 - l. What is the hundreds digit of v?
5
Let m = -38 - 360. Let p = 332 - m. What is the units digit of p?
0
Let g(h) = -h + 5. Let v be g(3). Suppose 2*o = v*d - 5*d + 1534, 2*d - 1008 = -5*o. What is the units digit of d?
4
Let c(i) = i**2 + 31*i + 69. Let t(s) = 9*s + 18. Let b be t(-6). What is the hundreds digit of c(b)?
2
Let x(v) = 5*v**2 - 28*v - 208. What is the hundreds digit of x(-11)?
7
What is the thousands digit of 129/(-86)*(-14524)/3?
7
Let a be ((-9)/(27/2))/((-4)/18). Suppose 11 - a = 4*k - 4*u, u + 17 = 4*k. Suppose -396 = -5*j + 2*c, -k*j + 387 = -0*c + c. What is the tens digit of j?
7
Let c = 20110 - 18391. What is the hundreds digit of c?
7
Suppose -2133131 = -208*p - 409227. What is the hundreds digit of p?
2
Suppose -2*g + 8 = a, -12 = -a - 3*a - 3*g. Suppose 5*f - q + 420 = 0, f + f + q + 168 = a. Let y = 105 + f. What is the units digit of y?
1
What is the ten thousands digit of -127 + 136 + 10913 + 2?
1
Let f = -100 - -89. Let q = 24 + f. Suppose -p + 5*n + 0 = -17, -q = -p + 3*n. What is the units digit of p?
7
Let y(a) = -a**3 - 7*a**2 + 4*a + 9. Let g(m) = -2*m - 22. Let r be (-1 - -2)/(3*(-1)/21). Let c be g(r). What is the tens digit of y(c)?
4
Suppose 4925 - 1775 = 9*i. What is the units digit of i?
0
Let f(t) = -844*t**3 - 7*t - 9. What is the thousands digit of f(-2)?
6
Let s = 25844 + -4043. What is the units digit of s?
1
Let r be ((-15)/9)/(1 - (-37)/(-36)). Suppose 0 = 7*s - 2*s + r. Let d = -5 - s. What is the units digit of d?
7
Let m(w) = -w**2 - 8*w + 8. Let r be m(-9). Let b be 45/30 + r/2. What is the tens digit of (1/2)/(b/94)?
4
Let p = -125 - -103. What is the tens digit of (1 - p/(-4))*346/(-3)?
1
Suppose 15*j = 44808 - 378. What is the hundreds digit of j?
9
Suppose x = 2*m - 5804, -3*m + 11*x = 7*x - 8706. What is the tens digit of m?
0
Let c(j) = 4548*j + 2479. What is the ten thousands digit of c(3)?
1
Let l = -11038 + 29659. What is the ten thousands digit of l?
1
Suppose 0 = -335*j + 459*j - 7680064. What is the hundreds digit of j?
9
Suppose w - 5 = 3*w + 3*v, -w = -4*v - 25. Let n be w/20*-3*-116. Suppose -f - s = -n, -2*f + 0*f - 3*s + 176 = 0. What is the tens digit of f?
8
Suppose 1987 = w - 4*p, w + p = -3*w + 7931. Suppose -307 = 4*v - w. What is the tens digit of v?
1
Let i(w) = -43*w + 12. Let p(b) = -644*b + 182. Let u(d) = -91*i(d) + 6*p(d). What is the hundreds digit of u(6)?
2
Suppose 0 = 112*h - 110*h - 8. Suppose -567 = -h*w + 61. What is the units digit of w?
7
Let h be 121/22 - 1/2. Suppose 3 = -h*n + 3. Suppose -5*z + 0*z + 540 = n. What is the hundreds digit of z?
1
Let f = 137451 - 77190. What is the thousands digit of f?
0
Suppose -57367 = -10*j + 31283. What is the units digit of j?
5
Let s(j) = 5*j**3 - j - 8*j**3 + 67 + j**2 - 112 - 5*j**2 + 38. Let q be -2*(-2)/(4/(-3)). What is the tens digit of s(q)?
4
Let g(m) be the first derivative of -1/4*m**4 + 23/3*m**3 - 13/2*m**2 - 44 + 3*m. What is the hundreds digit of g(22)?
2
Let a(p) = -p**2 - 10*p - 11. Let m be a(-8). Suppose 5*s - m*c - 412 = 468, -3*c - 354 = -2*s. What is the tens digit of s - (-10)/25*(-4 + -1)?
7
Let h be ((-2)/(-6))/((-7)/9807). Let r = -239 - h. What is the hundreds digit of r?
2
Let s = -384 + 390. Suppose 0 = 5*b + v - 2743, s*b - 3*v = 10*b - 2190. What is the units digit of b?
9
Let t = -1088 - -4317. What is the hundreds digit of t?
2
Let z(p) = 11 + 7*p**2 - 19*p - 3*p**2 + 18*p. What is the units digit of z(12)?
5
Let v be 702/(-52)*(-21 + -1). What is the units digit of (52/6)/(-1*(-6)/v)?
9
Suppose 4 - 28 = 3*a. Let j(y) = y + 12. Let q be j(a). Suppose 0 = -q*d + 4*f + 344, 0*d - 2*f = 3*d - 268. What is the tens digit of d?
8
Suppose 0 = 112*w - 100*w - 564. Suppose -16143 = -w*m + 3456. What is the tens digit of m?
1
What is the tens digit of (15 - 12)/(-7*3/(-31689))?
2
Suppose 0 = -3*s + 5 - 17. Let o be ((-33)/176)/(1/12)*s. What is the tens digit of (o/3)/(2 - (-9)/(-5))?
1
Suppose -21 = 228*d - 221*d. Suppose -32 = -4*k + w + 3*w, w = -2. What is the units digit of (146*d/(-12))/(3/k)?
3
What is the hundreds digit of (-44)/143 + 1672266/78?
4
Let d be (-1)/(2/(-8)) + -3. Suppose 27 = -0*j + 3*j - 4*q, 2*j + 3*q = d. Let v(z) = 6*z**2 - 2*z - 10. What is the tens digit of v(j)?
3
Suppose 0 = -4*c + v - 519 + 57158, c - 2*v - 14158 = 0. What is the tens digit of c?
6
Let n = -844 - -849. What is the tens digit of (-10920)/(-150) + 1/n?
7
What is the ten thousands digit of (0/(-1))/(194/(-97)) - -20183?
2
Suppose -2*f + 2 = -0*i - 4*i, -f = -1. Suppose -3*j - 3*l + 480 = 0, 3*l - 640 = -4*j - i*l. What is the hundreds digit of j?
1
Suppose 0*m - 16 = 8*m. What is the hundreds digit of -2 + m + 0 + 348 + 24?
3
What is the tens digit of -3 + 17008/10 + (-152)/190?
9
Let t = 211 - 210. What is the tens digit of t*-4 + (-6420)/(-15)?
2
Let m = 35551 + 11417. What is the thousands digit of m?
6
Suppose 4*b - 8760 = -26*b. Suppose b*x - 297*x = -2560. What is the tens digit of x?
